et z(d) = -q(d) - 5*y(d). What is z(-2)?
6
Let p(a) be the first derivative of a**7/840 + a**6/360 + a**4/4 - a**3/3 - 2. Let n(f) be the third derivative of p(f). What is n(0)?
6
Suppose -4*a - 9 = -a. Let q be a + (-5)/(10/(-6)). Let x(u) = -u**2 + 4*u - 8. Let g(i) = i**2 - 3*i + 7. Let v(f) = 5*g(f) + 4*x(f). Determine v(q).
3
Suppose -2*k + 9 - 1 = 0. Let q = k + -4. Let z(u) be the third derivative of u**4/24 - u**3/6 - 2*u**2. Calculate z(q).
-1
Let d(k) be the second derivative of -k**5/40 + k**4/12 + k**3/2 - k. Let i(o) be the second derivative of d(o). Determine i(-2).
8
Let v(n) = 7*n**3 - 4*n**2 - 6*n + 3. Let z(w) = -w**3 + w. Let t(r) = v(r) + 6*z(r). Give t(3).
-6
Let v(o) = -6 - 7*o - 3*o - o + o**3 + 9*o**2. Let i be v(-10). Let m(a) be the second derivative of -a**5/20 + a**4/3 - a**3/3 + 3*a**2 + a. Give m(i).
-2
Let k = -47 + 49. Let l(c) be the first derivative of -4*c + 1/2*c**2 + k. Determine l(5).
1
Let y(a) = a**3 - a. Let n be (-2)/4 - 9/(-6). Calculate y(n).
0
Let t(y) = -y + 4. Let l be t(-5). Suppose 4*v = l*v + 30. Let a(s) = s**3 + 7*s**2 + 5*s - 6. Calculate a(v).
0
Let x(k) = -k**3 - 3*k**2 + 5*k + 4. Let g be 58/(-5) - 2/5. Let m be g/(-20) - 23/5. Give x(m).
0
Suppose 17 = 3*m + 5. Let b = m - 2. Let c(j) = j**3 - 4*j**2 + 2*j + 2. Determine c(b).
-2
Suppose 2*w - 7 = -15. Let q(c) = c**3 + 4*c**2 - c - 3. Determine q(w).
1
Let s(v) be the third derivative of -v**5/60 + v**4/8 - 2*v**3/3 + 5*v**2. Determine s(4).
-8
Suppose 12*f + 45 = -3. Let d(g) = -g**2 - 4*g + 4. What is d(f)?
4
Let i(r) be the first derivative of r**4/4 - 4*r**3/3 - 3*r**2/2 + 2*r + 28. Suppose -u - 2*p = -3*u + 12, -17 = -4*u - 3*p. What is i(u)?
12
Let d(x) be the second derivative of 0 - 1/12*x**4 - 1/20*x**5 + 0*x**2 + 3*x + 1/6*x**3. Calculate d(-2).
2
Let k = 6 - 1. Let x(o) = 6*o - 1 - 2*o - 3*o. Calculate x(k).
4
Let q(z) = z**3 - 4*z**2 - 3*z + 4. Suppose 2*g - w = 13, -3 = -g + 4*w + 21. Calculate q(g).
-8
Let s = -20 + 17. Let h(c) = c**3 + 3*c**2 - 5*c - 4. Calculate h(s).
11
Let v(n) = -7*n**3 - 11*n**2 - 4*n - 3. Let h(i) = -11*i**3 - 17*i**2 - 6*i - 4. Let d(k) = 5*h(k) - 8*v(k). Calculate d(-3).
-2
Let b(p) = p - 1. Suppose 2*i - i + 3 = 0. Let m(g) = 9. Let j(u) = -u - 19. Let t(y) = -2*j(y) - 5*m(y). Let n(w) = i*b(w) + t(w). What is n(-3)?
-1
Let n(j) = -j + 1. Let g(a) = -4. Let i(u) = -g(u) + 3*n(u). Determine i(5).
-8
Let m(k) be the third derivative of -k**5/120 - k**4/12 - k**3/6 + 2*k**2. Let j(b) be the first derivative of m(b). Give j(3).
-5
Let c(f) = f**2 + 11*f - 15. Let w be c(-12). Let j(r) = 2*r. Give j(w).
-6
Let k = 24 + -21. Let o(h) = -1 - 8*h**2 + 5*h**2 + k + h. Calculate o(2).
-8
Suppose -3*h + 0*h = -15. Let s = h + -10. Let z(a) be the second derivative of a**4/12 + 7*a**3/6 + 7*a**2/2 + a. Calculate z(s).
-3
Let h(d) = -d**3 - 4*d**2 + 5*d + 4. Let y = 23 - 14. Suppose -4*p + 2*f = -3*f, -y = 5*p - 4*f. Give h(p).
4
Let y = -28 - -30. Let j(m) = -2*m - 1. Give j(y).
-5
Suppose 4 + 8 = -3*r. Let c = r + 4. Let j(o) = 9*o**3 + 11*o**2 + 13*o + 9. Let l(z) = 5*z**3 + 6*z**2 + 7*z + 5. Let f(y) = 6*j(y) - 11*l(y). Calculate f(c).
-1
Let l be (-45)/6*(-1 - (-15)/9). Let b(k) = k**2 + 5*k - 2. Calculate b(l).
-2
Let o(t) = t**3 + 8*t**2 + 5*t - 6. Let s(l) = -7*l**2 - 3*l - 3. Let f be s(-1). Determine o(f).
8
Let q = 5 + -3. Let t(z) = -2 + 3 - 1 - z - q. Determine t(0).
-2
Let m(y) = 0*y - y**2 - 2 + 6 + 2 - 6*y. Give m(-5).
11
Let m be (2/(-3))/((-2)/6). Let x(b) = -4 + b**m + 4 + 2. Calculate x(0).
2
Let s(o) = o**3 - o**2 - o - 2. Let h be s(2). Suppose -i + 5*b = 10, 2*i - 2*b = -3 - 1. Let l(k) = -1 - k + i*k + h*k. Give l(-3).
2
Let s(a) = -3*a**3 + 3*a - 8. Let r(o) = -o**3 + o - 1. Let j(l) = 2*r(l) - s(l). Let v = -1 + -1. Let f = v + 2. Give j(f).
6
Let j be -1 - 12/(6/(-2)). Suppose -r = j*r + 28. Let z(a) = -a**2 - 8*a - 6. What is z(r)?
1
Let m(v) be the third derivative of -v**6/120 + v**5/60 - v**4/24 + v**3/2 - 8*v**2. What is m(0)?
3
Let t(z) be the first derivative of z**4/12 - z**3/6 - z**2/2 + 1. Let x(j) be the second derivative of t(j). Let p be (13/13)/(0 - 1/3). Give x(p).
-7
Suppose -13 - 2 = 3*l. Let s = l - -6. Let m(q) = -4*q**3 - 2*q**2 + 2*q - 1. Calculate m(s).
-5
Let p(s) be the second derivative of 3*s**8/2240 + s**7/1260 + s**6/720 - s**4/12 + 3*s. Let x(m) be the third derivative of p(m). Determine x(-1).
-8
Let b(n) = -2*n**3 + n**2 + 4*n - 3. Suppose 7 + 14 = 3*p. Let o = -2 + p. Suppose z + 2*x = 2 - 10, o*z - 5 = -x. Determine b(z).
-7
Let p(z) = -3*z + 3. Suppose -v = 16 - 19. What is p(v)?
-6
Let v = -12 + 9. Let m(z) = z**3 + 5*z**2 + 2*z - 4. Give m(v).
8
Let p(t) be the second derivative of t**7/840 - t**6/72 + t**5/40 - t**4/8 + 4*t**3/3 + 2*t. Let o(u) be the second derivative of p(u). Calculate o(5).
12
Let q(p) = -3*p - 2. Let w(n) = 4*n + 3. Let v(k) = -3*q(k) - 2*w(k). Give v(1).
1
Let d be (2/(-5))/((-12)/60). Let o(i) = 6*i - 1. What is o(d)?
11
Let q(v) = 4*v + 0*v**2 + v**2 - v**2 + v**2 - 4. Let r(s) = s**2 - 8*s + 7. Let u(d) = -d**3 + 10*d**2 - 9*d + 6. Let f be u(9). Let b be r(f). Calculate q(b).
1
Let v(m) = -11*m - 8. Let r(y) = 5*y + 4. Let b(w) = 13*r(w) + 6*v(w). Give b(0).
4
Suppose j - 4*r = -j - 16, 4*j - 3*r + 7 = 0. Let m(b) = -b**3 - 2 + 353*b**2 + 2*b + 0*b**3 - 351*b**2. Calculate m(j).
2
Let c(b) = -5*b + b**2 + 0*b + 112 + 105 - 220. Suppose 0 = -4*i + 3*i + 6. Calculate c(i).
3
Let v(d) = 5 - 4*d - d**3 + 2*d**3 + d**2 + 5*d. Suppose 3*p + 2*p = -30. Let m be 2 - p/(-9)*3. Determine v(m).
5
Let g(f) = 5*f**2 - 13*f - 5. Let p(s) = -s**2 + s + 1. Let r(d) = -g(d) - 6*p(d). Give r(-5).
-11
Suppose -17*x + 10*x + 49 = 0. Let o(g) = -g + 3. Determine o(x).
-4
Let o(l) = -11*l**3 - l**2 - 2*l - 1. Suppose 0 = 5*r - 5*q + 15, 2*q = r - 0*r + 5. Calculate o(r).
11
Let q(k) = 6*k. Let i be (0/3)/(1/(-1)). Suppose i*a - 4*a = -4. Suppose -5*l = -c - a - 5, -5*l = 5*c. Give q(c).
-6
Let j(l) be the first derivative of -1/3*l**3 - l**4 + 7/2*l**2 + 3 + 5*l. Let u(g) = g**3 - g**2 - g - 1. Let h(i) = -j(i) - 3*u(i). What is h(-5)?
-7
Let d(m) = m - 1. Let p(k) = -k**2 + 12*k - 7. Let w(t) = -6*d(t) + p(t). What is w(6)?
-1
Let l(c) be the first derivative of c**4/4 - 5*c**3/3 + 2*c**2 + 5*c + 1. Let w = -2 + 12. Let x = 14 - w. Determine l(x).
5
Let c(r) = -r**2 + 4*r + 1. Let k(v) = v**3 + 3*v**2 - v - 1. Let d be k(-4). Suppose 2*i = -o + 16 + 8, 2*i = 5*o - 84. Let h = o + d. Give c(h).
-4
Let p be (6/(-2))/(-1 + 2). Let b(j) be the first derivative of j**4/4 + j**3/3 - 2*j**2 + j - 9. Determine b(p).
-5
Let l(r) = -2 + 0*r**3 - 4*r**2 + 9*r + r**3 - 4*r. Let v = 4 - 1. What is l(v)?
4
Let r(k) be the second derivative of k**4/12 + k**3/2 + k**2/2 - 10*k. What is r(-3)?
1
Let a(b) = 80*b + b**3 - 40*b - 44*b + 4*b**2 - 6. Give a(-4).
10
Let y(s) be the first derivative of -s**3/3 - 3*s**2 + 4*s + 18. Calculate y(-6).
4
Let x(d) = -1 - 10*d**2 + 5*d + 8*d**2 + 3*d**2. Determine x(-5).
-1
Let q = -106 + 101. Let d(s) = s**3 + 6*s**2 + 2*s + 4. What is d(q)?
19
Suppose -7 - 9 = -4*m, -2*f + 14 = 5*m. Let t(p) = -p**3 - p**2 + p - 1. Let b(y) = y**3 - y**2 - 5*y + 2. Let a(i) = b(i) + 2*t(i). Give a(f).
9
Let l(o) = -o**2 - 2*o + 2. Let g be 93/(-24) + 2/(-16). What is l(g)?
-6
Let r(s) = -s**3 - 2*s**2 + 2*s - 1. Suppose -5*u + 0*o - 6 = 3*o, 3 = 4*u + 5*o. Let y = 13 - 13. Let b = u - y. Determine r(b).
2
Let x(a) be the first derivative of -5 + 4*a + 0*a + 4*a**2 + 3*a - 3*a**2. Calculate x(-5).
-3
Let y(x) = -x**3 - 7*x**2 - 5*x + 4. Let h be y(-6). Let n(q) = 2 + 4*q - 4*q + 3*q. Give n(h).
-4
Let o(g) = g**2 + 5*g + 4. Let r(b) = -1. Let f(p) = -o(p) + 2*r(p). Give f(-4).
-2
Let a(x) = -2*x**2 + 77*x + 38. Let g be a(39). Let h(t) = -4*t - 1 - t - 2*t. What is h(g)?
6
Let i(q) = 2*q + 13. Let y be i(-9). Let j(f) = f**2 + 3*f - 6. Calculate j(y).
4
Let b(g) = -g**3 - 2*g**2 + 2*g - 1. Let k be 5/2 - (-3)/6. Suppose 3*a - k = 4*a. Determine b(a).
2
Let f(y) be the second derivative of -y**4/12 + 2*y**3/3 - 2*y. Suppose -2*l = 2*l - 12. Suppose 3*k - 3 = l. Give f(k).
4
Let l = -10 - -16. Let q(h) be the first derivative of 1/3*h**3 + 1 - 2*h**2 - 7*h. Give q(l).
5
Let u(h) = h**2 + 2*h - 3. Suppose 2*z - 5*v = 3*z + 3, z + 3*v 